prime factors of 33847986?
2, 3, 17, 331843
List the prime factors of 505927.
505927
List the prime factors of 11666149.
11, 29, 36571
What are the prime factors of 5119220?
2, 5, 255961
List the prime factors of 1106398.
2, 227, 2437
List the prime factors of 2385543.
3, 31, 113, 227
What are the prime factors of 58027?
58027
List the prime factors of 4663692.
2, 3, 11, 11777
List the prime factors of 24744.
2, 3, 1031
List the prime factors of 608434.
2, 304217
What are the prime factors of 3683347?
937, 3931
What are the prime factors of 21561838?
2, 307, 35117
What are the prime factors of 235893?
3, 7, 47, 239
List the prime factors of 5874503.
17, 20327
What are the prime factors of 2024075?
5, 80963
List the prime factors of 526107.
3, 157, 1117
What are the prime factors of 3225145?
5, 7, 11, 8377
List the prime factors of 8883757.
41, 43, 5039
What are the prime factors of 11353461?
3, 7, 47, 11503
What are the prime factors of 1347415?
5, 31, 8693
List the prime factors of 670947.
3, 19, 79, 149
What are the prime factors of 2828189?
7, 13, 31079
What are the prime factors of 18768512?
2, 7, 20947
What are the prime factors of 47550?
2, 3, 5, 317
What are the prime factors of 1920081?
3, 640027
What are the prime factors of 5972949?
3, 663661
List the prime factors of 479177.
349, 1373
List the prime factors of 5098852.
2, 11, 115883
List the prime factors of 1594691.
7, 409, 557
What are the prime factors of 9104653?
1873, 4861
What are the prime factors of 862609?
11, 7129
List the prime factors of 8125706.
2, 4062853
List the prime factors of 271841.
271841
List the prime factors of 14368153.
1049, 13697
List the prime factors of 19679766.
2, 3, 23, 142607
What are the prime factors of 25396246?
2, 12698123
What are the prime factors of 13290646?
2, 1483, 4481
List the prime factors of 3283299.
3, 89, 4099
What are the prime factors of 152844?
2, 3, 47, 271
List the prime factors of 2424336.
2, 3, 17, 2971
What are the prime factors of 20494158?
2, 3, 241, 14173
List the prime factors of 13001.
13001
List the prime factors of 1146604.
2, 286651
List the prime factors of 13410576.
2, 3, 37, 839
List the prime factors of 10828795.
5, 139, 15581
List the prime factors of 271349.
13, 20873
What are the prime factors of 241506?
2, 3, 13417
List the prime factors of 771272.
2, 229, 421
What are the prime factors of 6567961?
6567961
List the prime factors of 2566793.
157, 16349
List the prime factors of 19525280.
2, 5, 122033
What are the prime factors of 514901?
23, 61, 367
What are the prime factors of 288864?
2, 3, 17, 59
What are the prime factors of 4003068?
2, 3, 333589
What are the prime factors of 185252?
2, 29, 1597
List the prime factors of 121662.
2, 3, 751
List the prime factors of 1385543.
23, 107, 563
List the prime factors of 2373572.
2, 41, 353
What are the prime factors of 1737125?
5, 13, 1069
List the prime factors of 12407009.
419, 29611
List the prime factors of 143801.
7, 20543
What are the prime factors of 9314152?
2, 571, 2039
What are the prime factors of 133264?
2, 8329
What are the prime factors of 1483586?
2, 13, 43, 1327
What are the prime factors of 7739331?
3, 2579777
What are the prime factors of 373084?
2, 19, 4909
List the prime factors of 6622222.
2, 19, 229, 761
List the prime factors of 680642.
2, 340321
What are the prime factors of 491561?
7, 70223
List the prime factors of 22494413.
337, 66749
What are the prime factors of 1124229?
3, 251, 1493
List the prime factors of 29721270.
2, 3, 5, 17, 101, 577
What are the prime factors of 1542558?
2, 3, 257093
What are the prime factors of 182655?
3, 5, 11, 41
List the prime factors of 356134.
2, 178067
List the prime factors of 622018.
2, 311009
List the prime factors of 12936907.
3049, 4243
List the prime factors of 4613969.
4613969
What are the prime factors of 444167?
444167
List the prime factors of 5222889.
3, 7, 82903
List the prime factors of 299544.
2, 3, 7, 1783
What are the prime factors of 274208?
2, 11, 19, 41
What are the prime factors of 13096302?
2, 3, 41, 139, 383
What are the prime factors of 2630179?
2630179
What are the prime factors of 113345?
5, 22669
List the prime factors of 82215.
3, 5, 7, 29
List the prime factors of 24517118.
2, 12258559
List the prime factors of 9718106.
2, 79, 61507
What are the prime factors of 11086738?
2, 13, 32801
What are the prime factors of 564065?
5, 37, 3049
List the prime factors of 20794526.
2, 10397263
List the prime factors of 4161273.
3, 193, 7187
List the prime factors of 4429855.
5, 885971
List the prime factors of 3495695.
5, 7, 99877
What are the prime factors of 3985197?
3, 43, 30893
List the prime factors of 218885.
5, 43777
What are the prime factors of 1406142?
2, 3, 191, 409
List the prime factors of 1012111.
19, 53269
What are the prime factors of 6685341?
3, 13, 23, 29, 257
What are the prime factors of 642535?
5, 107, 1201
List the prime factors of 10745393.
19, 23, 67, 367
What are the prime factors of 954062?
2, 477031
List the prime factors of 1174063.
11, 31, 313
What are the prime factors of 126316?
2, 23, 1373
What are the prime factors of 35732?
2, 8933
List the prime factors of 155378.
2, 77689
List the prime factors of 1378108.
2, 19, 18133
What are the prime factors of 347412?
2, 3, 13, 17, 131
List the prime factors of 497964.
2, 3, 17, 2441
What are the prime factors of 279894?
2, 3, 46649
List the prime factors of 301870.
2, 5, 30187
What are the prime factors of 308377?
113, 2729
What are the prime factors of 23961116?
2, 691, 8669
What are the prime factors of 4226605?
5, 29, 103, 283
What are the prime factors of 15204018?
2, 3, 17, 149059
List the prime factors of 929026.
2, 7, 66359
What are the prime factors of 4258508?
2, 19, 137, 409
List the prime factors of 618616.
2, 53, 1459
What are the prime factors of 1325041?
19, 69739
List the prime factors of 144352.
2, 13, 347
List the prime factors of 861640.
2, 5, 13, 1657
List the prime factors of 1930496.
2, 7541
What are the prime factors of 1207138?
2, 603569
What are the prime factors of 27607832?
2, 7, 439, 1123
List the prime factors of 39745075.
5, 1589803
What are the prime factors of 3689605?
5, 737921
What are the prime factors of 218420?
2, 5, 67, 163
List the prime factors of 5449502.
2, 503, 5417
What are the prime factors of 730939?
11, 66449
What are the prime factors of 520000?
2, 5, 13
List the prime factors of 159456.
2, 3, 11, 151
What are the prime factors of 6743846?
2, 263, 12821
What are the prime factors of 98631?
3, 13, 281
List the prime factors of 654234.
2, 3, 7, 37, 421
List the prime factors of 1685586.
2, 3, 7, 67, 599
List the prime factors of 186815.
5, 37363
What are the prime factors of 2680397?
23, 116539
List the prime factors of 1505235.
3, 5, 23, 4363
List the prime factors of 1305528.
2, 3, 7, 19, 409
List the prime factors of 19787836.
2, 251, 19709
What are the prime factors of 295340?
2, 5, 14767
List the prime factors of 19506871.
17, 1147463
What are the prime factors of 6119450?
2, 5, 122389
List the prime factors of 107289.
3, 7, 13, 131
What are the prime factors of 51287?
51287
What are the prime factors of 11454554?
2, 5727277
List the prime factors of 13644832.
2, 426401
List the prime factors of 25464.
2, 3, 1061
List the prime factors of 971345.
5, 194269
What are the prime factors of 116982?
2, 3, 67, 97
What are the prime factors of 198935?
5, 11, 3617
List the prime factors of 11615754.
2, 3, 1069, 1811
List the prime factors of 3217776.
2, 3, 43, 1559
List the prime factors of 6274824.
2, 3, 261451
List the prime factors of 634811.
71, 8941
What are the prime factors of 6876038?
2, 13, 264463
List the prime factors of 51585.
3, 5, 19, 181
What are the prime factors of 495779?
359, 1381
What are the prime factors of 1775708?
2, 11, 40357
What are the prime factors of 1486427?
19, 78233
List the prime factors of 324972.
2, 3, 17, 59
What are the prime factors of 4290918?
2, 3, 715153
List the prime factors of 2507812.
2, 626953
What are the prime factors of 7565184?
2, 3, 11, 199
What are the prime factors of 11312462?
2, 7, 317, 2549
What are the prime factors of 13247007?
3, 4415669
What are the prime factors of 888680?
2, 5, 13, 1709
What are the prime fact